{"id":164,"date":"2016-09-02T12:40:40","date_gmt":"2016-09-02T11:40:40","guid":{"rendered":"http:\/\/karate-lanester.org\/?page_id=164"},"modified":"2025-08-26T16:45:12","modified_gmt":"2025-08-26T15:45:12","slug":"logo-du-club","status":"publish","type":"page","link":"https:\/\/karate-lanester.org\/index.php\/logo-du-club\/","title":{"rendered":"Logo"},"content":{"rendered":"<p>le logo signifie toujours quelque chose&#8230; Le notre a \u00e9volu\u00e9 au fil du temps.<br \/>\nD&rsquo;une premi\u00e8re id\u00e9e &#8211; notion d&rsquo;\u00e9cole, de continuit\u00e9, de b\u00e2tir dans la dur\u00e9e, est arriv\u00e9e une premi\u00e8re proposition d&rsquo;un dessinateur sensible aux arts martiaux : <a href=\"http:\/\/goutal.over-blog.com\/\">Alain GOUTAL<\/a>.<\/p>\n<p>Je vous parle d&rsquo;un temps que les moins de 20 ans&#8230;.. c&rsquo;\u00e9tait en 82\/83!<br \/>\nL&rsquo;\u00e9cusson arbore le cercle rouge du karat\u00e9 shotokan.<br \/>\nla grue cendr\u00e9e symbolise la dur\u00e9e, la vie \u00e9ternelle, ceux qui choisissent ce symbole sont dans une logique de b\u00e2tisseurs de solidit\u00e9, pas de zappeurs &#8230;<\/p>\n<p>l&rsquo;id\u00e9ogramme TEN signifie \u00ab\u00a0ciel\u00a0\u00bb au sens figur\u00e9. Il faut donc comprendre TEN comme recherche personnelle, d\u00e9sir de se perfectionner etc. On retrouve ce concept en premi\u00e8re place dans le DOJO KUN \u00ab\u00a0<small><i>hitotsu, jinkaku kansei ni tsutomuru koto<\/i><\/small>\u00a0\u00bb \u00ab\u00a0s&rsquo;efforcer d&rsquo;atteindre la perfection\u00a0\u00bb&#8230;<\/p>\n<p>Voici les diff\u00e9rents logos que nous avons eu :<img loading=\"lazy\" decoding=\"async\" class=\"alignnone size-medium wp-image-196\" src=\"https:\/\/karate-lanester.org\/wp-content\/uploads\/2016\/09\/Logo-NRK-300x169.jpg\" alt=\"logo-nrk\" width=\"300\" height=\"169\" srcset=\"https:\/\/karate-lanester.org\/wp-content\/uploads\/2016\/09\/Logo-NRK-300x169.jpg 300w, https:\/\/karate-lanester.org\/wp-content\/uploads\/2016\/09\/Logo-NRK-768x432.jpg 768w, https:\/\/karate-lanester.org\/wp-content\/uploads\/2016\/09\/Logo-NRK-1024x576.jpg 1024w\" sizes=\"auto, (max-width: 300px) 100vw, 300px\" \/><\/p>\n<p>Seuls les 2 de droite n&rsquo;ont pas \u00e9t\u00e9 utilis\u00e9s.<\/p>\n\n\n<p>il y a eu un \u00ab\u00a0avant\u00a0\u00bb le FLL. C&rsquo;\u00e9tait \u00e0 l&rsquo;ASPTT \u00e0 Kerfleau.<br>Apr\u00e8s la cr\u00e9ation du 2\u00e8me club un logo a \u00e9t\u00e9 cr\u00e9\u00e9.<br>Le voici :<\/p>\n\n\n\n<figure class=\"wp-block-gallery has-nested-images columns-default is-cropped wp-block-gallery-1 is-layout-flex wp-block-gallery-is-layout-flex\">\n<figure class=\"wp-block-image size-large\"><img loading=\"lazy\" decoding=\"async\" width=\"1024\" height=\"991\" data-id=\"3379\" src=\"https:\/\/karate-lanester.org\/wp-content\/uploads\/2025\/08\/NRK-CARRE-1024x991.jpg\" alt=\"\" class=\"wp-image-3379\" srcset=\"https:\/\/karate-lanester.org\/wp-content\/uploads\/2025\/08\/NRK-CARRE-1024x991.jpg 1024w, https:\/\/karate-lanester.org\/wp-content\/uploads\/2025\/08\/NRK-CARRE-300x290.jpg 300w, https:\/\/karate-lanester.org\/wp-content\/uploads\/2025\/08\/NRK-CARRE-768x744.jpg 768w, https:\/\/karate-lanester.org\/wp-content\/uploads\/2025\/08\/NRK-CARRE-1536x1487.jpg 1536w, https:\/\/karate-lanester.org\/wp-content\/uploads\/2025\/08\/NRK-CARRE-2048x1983.jpg 2048w\" sizes=\"auto, (max-width: 1024px) 100vw, 1024px\" \/><\/figure>\n\n\n\n<figure class=\"wp-block-image size-large\"><img loading=\"lazy\" decoding=\"async\" width=\"1024\" height=\"768\" data-id=\"3380\" src=\"https:\/\/karate-lanester.org\/wp-content\/uploads\/2025\/08\/NRK-ASPTT-FLL-1024x768.jpg\" alt=\"\" class=\"wp-image-3380\" srcset=\"https:\/\/karate-lanester.org\/wp-content\/uploads\/2025\/08\/NRK-ASPTT-FLL-1024x768.jpg 1024w, https:\/\/karate-lanester.org\/wp-content\/uploads\/2025\/08\/NRK-ASPTT-FLL-300x225.jpg 300w, https:\/\/karate-lanester.org\/wp-content\/uploads\/2025\/08\/NRK-ASPTT-FLL-768x576.jpg 768w, https:\/\/karate-lanester.org\/wp-content\/uploads\/2025\/08\/NRK-ASPTT-FLL-1536x1152.jpg 1536w, https:\/\/karate-lanester.org\/wp-content\/uploads\/2025\/08\/NRK-ASPTT-FLL-2048x1536.jpg 2048w\" sizes=\"auto, (max-width: 1024px) 100vw, 1024px\" \/><\/figure>\n<\/figure>\n\n\n\n<p><br><\/p>\n","protected":false},"excerpt":{"rendered":"<p>le logo signifie toujours quelque chose&#8230; Le notre a \u00e9volu\u00e9 au fil du temps. D&rsquo;une premi\u00e8re id\u00e9e &#8211; notion d&rsquo;\u00e9cole, de continuit\u00e9, de b\u00e2tir dans la dur\u00e9e, est arriv\u00e9e une premi\u00e8re proposition d&rsquo;un dessinateur sensible aux arts martiaux : Alain &hellip; <a href=\"https:\/\/karate-lanester.org\/index.php\/logo-du-club\/\">Continuer la lecture <span class=\"meta-nav\">&rarr;<\/span><\/a><\/p>\n","protected":false},"author":1,"featured_media":0,"parent":0,"menu_order":0,"comment_status":"closed","ping_status":"closed","template":"","meta":{"footnotes":""},"class_list":["post-164","page","type-page","status-publish","hentry"],"_links":{"self":[{"href":"https:\/\/karate-lanester.org\/index.php\/wp-json\/wp\/v2\/pages\/164","targetHints":{"allow":["GET"]}}],"collection":[{"href":"https:\/\/karate-lanester.org\/index.php\/wp-json\/wp\/v2\/pages"}],"about":[{"href":"https:\/\/karate-lanester.org\/index.php\/wp-json\/wp\/v2\/types\/page"}],"author":[{"embeddable":true,"href":"https:\/\/karate-lanester.org\/index.php\/wp-json\/wp\/v2\/users\/1"}],"replies":[{"embeddable":true,"href":"https:\/\/karate-lanester.org\/index.php\/wp-json\/wp\/v2\/comments?post=164"}],"version-history":[{"count":7,"href":"https:\/\/karate-lanester.org\/index.php\/wp-json\/wp\/v2\/pages\/164\/revisions"}],"predecessor-version":[{"id":3381,"href":"https:\/\/karate-lanester.org\/index.php\/wp-json\/wp\/v2\/pages\/164\/revisions\/3381"}],"wp:attachment":[{"href":"https:\/\/karate-lanester.org\/index.php\/wp-json\/wp\/v2\/media?parent=164"}],"curies":[{"name":"wp","href":"https:\/\/api.w.org\/{rel}","templated":true}]}}