{"id":1688,"date":"2020-04-20T10:13:46","date_gmt":"2020-04-20T09:13:46","guid":{"rendered":"http:\/\/karate-lanester.org\/?page_id=1688"},"modified":"2026-03-09T10:46:17","modified_gmt":"2026-03-09T09:46:17","slug":"professeurs-du-fll-karate","status":"publish","type":"page","link":"https:\/\/karate-lanester.org\/index.php\/professeurs-du-fll-karate\/","title":{"rendered":"ENCADREMENT du FLL KARATE"},"content":{"rendered":"\n<p> Tous les professeurs intervenant aux cours de Karat\u00e9 ont \u00e9t\u00e9 dipl\u00f4m\u00e9s apr\u00e8s avoir suivi un parcours de formation. <br>Ce parcours est ind\u00e9pendant des grades, et fait l&rsquo;objet d&rsquo;examens organis\u00e9s par la F\u00e9d\u00e9ration pour les niveaux d&rsquo;Instructeurs, et d&rsquo;organisation conjointe avec l&rsquo;Etat pour les dipl\u00f4mes de Professeurs. <a href=\"https:\/\/karate-lanester.org\/index.php\/professeurs\/\">voir la page concernant la formation<\/a>.<\/p>\n\n\n\n<div data-wp-interactive=\"core\/file\" class=\"wp-block-file\"><object data-wp-bind--hidden=\"!state.hasPdfPreview\" hidden class=\"wp-block-file__embed\" data=\"https:\/\/karate-lanester.org\/wp-content\/uploads\/2026\/03\/A-CARTE-PRO.pdf\" type=\"application\/pdf\" style=\"width:100%;height:600px\" aria-label=\"Contenu embarqu\u00e9 A CARTE PRO.\"><\/object><a id=\"wp-block-file--media-a523f451-537b-4138-b035-065fb2e5c70c\" href=\"https:\/\/karate-lanester.org\/wp-content\/uploads\/2026\/03\/A-CARTE-PRO.pdf\">A CARTE PRO<\/a><a href=\"https:\/\/karate-lanester.org\/wp-content\/uploads\/2026\/03\/A-CARTE-PRO.pdf\" class=\"wp-block-file__button wp-element-button\" download aria-describedby=\"wp-block-file--media-a523f451-537b-4138-b035-065fb2e5c70c\">T\u00e9l\u00e9charger<\/a><\/div>\n\n\n\n<div data-wp-interactive=\"core\/file\" class=\"wp-block-file\"><object data-wp-bind--hidden=\"!state.hasPdfPreview\" hidden class=\"wp-block-file__embed\" data=\"https:\/\/karate-lanester.org\/wp-content\/uploads\/2025\/06\/RESPONSABLES-DE-SECTION.pdf\" type=\"application\/pdf\" style=\"width:100%;height:600px\" aria-label=\"Contenu embarqu\u00e9 RESPONSABLES DE SECTION.\"><\/object><a id=\"wp-block-file--media-7dce2c35-9a4a-4587-9f3b-f180c9022f23\" href=\"https:\/\/karate-lanester.org\/wp-content\/uploads\/2025\/06\/RESPONSABLES-DE-SECTION.pdf\">RESPONSABLES DE SECTION<\/a><a href=\"https:\/\/karate-lanester.org\/wp-content\/uploads\/2025\/06\/RESPONSABLES-DE-SECTION.pdf\" class=\"wp-block-file__button wp-element-button\" download aria-describedby=\"wp-block-file--media-7dce2c35-9a4a-4587-9f3b-f180c9022f23\">T\u00e9l\u00e9charger<\/a><\/div>\n","protected":false},"excerpt":{"rendered":"<p>Tous les professeurs intervenant aux cours de Karat\u00e9 ont \u00e9t\u00e9 dipl\u00f4m\u00e9s apr\u00e8s avoir suivi un parcours de formation. Ce parcours est ind\u00e9pendant des grades, et fait l&rsquo;objet d&rsquo;examens organis\u00e9s par la F\u00e9d\u00e9ration pour les niveaux d&rsquo;Instructeurs, et d&rsquo;organisation conjointe avec &hellip; <a href=\"https:\/\/karate-lanester.org\/index.php\/professeurs-du-fll-karate\/\">Continuer la lecture <span class=\"meta-nav\">&rarr;<\/span><\/a><\/p>\n","protected":false},"author":1,"featured_media":0,"parent":0,"menu_order":0,"comment_status":"closed","ping_status":"closed","template":"","meta":{"footnotes":""},"class_list":["post-1688","page","type-page","status-publish","hentry"],"_links":{"self":[{"href":"https:\/\/karate-lanester.org\/index.php\/wp-json\/wp\/v2\/pages\/1688","targetHints":{"allow":["GET"]}}],"collection":[{"href":"https:\/\/karate-lanester.org\/index.php\/wp-json\/wp\/v2\/pages"}],"about":[{"href":"https:\/\/karate-lanester.org\/index.php\/wp-json\/wp\/v2\/types\/page"}],"author":[{"embeddable":true,"href":"https:\/\/karate-lanester.org\/index.php\/wp-json\/wp\/v2\/users\/1"}],"replies":[{"embeddable":true,"href":"https:\/\/karate-lanester.org\/index.php\/wp-json\/wp\/v2\/comments?post=1688"}],"version-history":[{"count":13,"href":"https:\/\/karate-lanester.org\/index.php\/wp-json\/wp\/v2\/pages\/1688\/revisions"}],"predecessor-version":[{"id":3527,"href":"https:\/\/karate-lanester.org\/index.php\/wp-json\/wp\/v2\/pages\/1688\/revisions\/3527"}],"wp:attachment":[{"href":"https:\/\/karate-lanester.org\/index.php\/wp-json\/wp\/v2\/media?parent=1688"}],"curies":[{"name":"wp","href":"https:\/\/api.w.org\/{rel}","templated":true}]}}

<p> Tous les professeurs intervenant aux cours de Karaté ont été diplômés après avoir suivi un parcours de formation. <br>Ce parcours est indépendant des grades, et fait l&rsquo;objet d&rsquo;examens organisés par la Fédération pour les niveaux d&rsquo;Instructeurs, et d&rsquo;organisation conjointe avec l&rsquo;Etat pour les diplômes de Professeurs. <a href="https://karate-lanester.org/index.php/professeurs/">voir la page concernant la formation</a>.</p>



<div data-wp-interactive="core/file" class="wp-block-file"><object data-wp-bind--hidden="!state.hasPdfPreview" hidden class="wp-block-file__embed" data="https://karate-lanester.org/wp-content/uploads/2026/03/A-CARTE-PRO.pdf" type="application/pdf" style="width:100%;height:600px" aria-label="Contenu embarqué A CARTE PRO."></object><a id="wp-block-file--media-a523f451-537b-4138-b035-065fb2e5c70c" href="https://karate-lanester.org/wp-content/uploads/2026/03/A-CARTE-PRO.pdf">A CARTE PRO</a><a href="https://karate-lanester.org/wp-content/uploads/2026/03/A-CARTE-PRO.pdf" class="wp-block-file__button wp-element-button" download aria-describedby="wp-block-file--media-a523f451-537b-4138-b035-065fb2e5c70c">Télécharger</a></div>



<div data-wp-interactive="core/file" class="wp-block-file"><object data-wp-bind--hidden="!state.hasPdfPreview" hidden class="wp-block-file__embed" data="https://karate-lanester.org/wp-content/uploads/2025/06/RESPONSABLES-DE-SECTION.pdf" type="application/pdf" style="width:100%;height:600px" aria-label="Contenu embarqué RESPONSABLES DE SECTION."></object><a id="wp-block-file--media-7dce2c35-9a4a-4587-9f3b-f180c9022f23" href="https://karate-lanester.org/wp-content/uploads/2025/06/RESPONSABLES-DE-SECTION.pdf">RESPONSABLES DE SECTION</a><a href="https://karate-lanester.org/wp-content/uploads/2025/06/RESPONSABLES-DE-SECTION.pdf" class="wp-block-file__button wp-element-button" download aria-describedby="wp-block-file--media-7dce2c35-9a4a-4587-9f3b-f180c9022f23">Télécharger</a></div>

<p>Tous les professeurs intervenant aux cours de Karaté ont été diplômés après avoir suivi un parcours de formation. Ce parcours est indépendant des grades, et fait l&rsquo;objet d&rsquo;examens organisés par la Fédération pour les niveaux d&rsquo;Instructeurs, et d&rsquo;organisation conjointe avec &hellip; <a href="https://karate-lanester.org/index.php/professeurs-du-fll-karate/">Continuer la lecture <span class="meta-nav">&rarr;</span></a></p>
