{"id":1943,"date":"2021-06-01T14:26:33","date_gmt":"2021-06-01T13:26:33","guid":{"rendered":"http:\/\/karate-lanester.org\/?page_id=1943"},"modified":"2025-10-29T11:08:58","modified_gmt":"2025-10-29T10:08:58","slug":"saison-2022-2023","status":"publish","type":"page","link":"https:\/\/karate-lanester.org\/index.php\/saison-2022-2023\/","title":{"rendered":"SAISON 2025 2026"},"content":{"rendered":"\n<p class=\"has-text-align-center\"><\/p>\n\n\n\n<marquee><strong>SAISON 2025 2026  SAISON 2025 2026  SAISON 2025 2026  SAISON 2025 2026<\/marquee><\/strong>\n\n\n\n<p><strong>les inscriptions sont possibles avant chaque cours au Dojo du FOYER LA\u00cfQUE de LANESTER<\/strong><\/p>\n\n\n\n<p>COTISATIONS : <br>Elles varient en fonction de l&rsquo;age du pratiquant et s&rsquo;\u00e9chelonnent entre 125\u20ac et 205\u20ac l&rsquo;ann\u00e9e compl\u00e8te, carte FLL, licence assurance et cours inclus. <a href=\"https:\/\/karate-lanester.org\/index.php\/tarifs\/\" data-type=\"URL\" data-id=\"https:\/\/karate-lanester.org\/index.php\/tarifs\/\">https:\/\/karate-lanester.org\/index.php\/tarifs\/<\/a><\/p>\n\n\n\n<p>CALENDRIER DE LA SAISON :<br>la saison de karat\u00e9 est calqu\u00e9e sur la p\u00e9riode d&rsquo;assurance de la licence f\u00e9d\u00e9rale. Elle commence le 1er septembre pour se terminer le 31 ao\u00fbt de l&rsquo;ann\u00e9e suivante. <a href=\"https:\/\/karate-lanester.org\/index.php\/page-d-exemple\/\" data-type=\"URL\" data-id=\"https:\/\/karate-lanester.org\/index.php\/page-d-exemple\/\">https:\/\/karate-lanester.org\/index.php\/page-d-exemple\/<\/a><\/p>\n\n\n\n<p><strong>Votre 1er mois de participation aux cours est consid\u00e9r\u00e9 \u00ab\u00a0\u00e0 l&rsquo;essai\u00a0\u00bb.<\/strong><br>l&rsquo;inscription se fait sur un formulaire f\u00e9d\u00e9ral intitul\u00e9 \u00ab\u00a0<a href=\"https:\/\/karate-lanester.org\/wp-content\/uploads\/2025\/07\/2025-07-demande-de-licence-1-1.pdf\">demande de licence<\/a>\u00ab\u00a0<br><\/p>\n\n\n\n<p>L&rsquo;int\u00e9gralit\u00e9 de la cotisation vous est demand\u00e9e \u00e0 l&rsquo;inscription. <\/p>\n\n\n\n<p>A la fin de l&rsquo;essai, si vous ne souhaitez pas continuer, vous serez rembours\u00e9 d\u00e9duction faite de 25\u20ac correspondant \u00e0 la carte FLL.<\/p>\n\n\n\n<p><a href=\"https:\/\/karate-lanester.org\/index.php\/horaires-de-cours\/\">Voir la page COURS de ce site<\/a>   <\/p>\n\n\n\n<p><\/p>\n\n\n\n<h2 class=\"wp-block-heading\"><\/h2>\n\n\n\n<div class=\"wp-block-file\"><a href=\"blob:https:\/\/karate-lanester.org\/2baa1740-ab82-45c7-948c-b575b323efa8\" class=\"wp-block-file__button wp-element-button\" download>T\u00e9l\u00e9charger<\/a><\/div>\n","protected":false},"excerpt":{"rendered":"<p>SAISON 2025 2026 SAISON 2025 2026 SAISON 2025 2026 SAISON 2025 2026 les inscriptions sont possibles avant chaque cours au Dojo du FOYER LA\u00cfQUE de LANESTER COTISATIONS : Elles varient en fonction de l&rsquo;age du pratiquant et s&rsquo;\u00e9chelonnent entre 125\u20ac &hellip; <a href=\"https:\/\/karate-lanester.org\/index.php\/saison-2022-2023\/\">Continuer la lecture <span class=\"meta-nav\">&rarr;<\/span><\/a><\/p>\n","protected":false},"author":1,"featured_media":0,"parent":0,"menu_order":0,"comment_status":"closed","ping_status":"closed","template":"","meta":{"footnotes":""},"class_list":["post-1943","page","type-page","status-publish","hentry"],"_links":{"self":[{"href":"https:\/\/karate-lanester.org\/index.php\/wp-json\/wp\/v2\/pages\/1943","targetHints":{"allow":["GET"]}}],"collection":[{"href":"https:\/\/karate-lanester.org\/index.php\/wp-json\/wp\/v2\/pages"}],"about":[{"href":"https:\/\/karate-lanester.org\/index.php\/wp-json\/wp\/v2\/types\/page"}],"author":[{"embeddable":true,"href":"https:\/\/karate-lanester.org\/index.php\/wp-json\/wp\/v2\/users\/1"}],"replies":[{"embeddable":true,"href":"https:\/\/karate-lanester.org\/index.php\/wp-json\/wp\/v2\/comments?post=1943"}],"version-history":[{"count":112,"href":"https:\/\/karate-lanester.org\/index.php\/wp-json\/wp\/v2\/pages\/1943\/revisions"}],"predecessor-version":[{"id":3414,"href":"https:\/\/karate-lanester.org\/index.php\/wp-json\/wp\/v2\/pages\/1943\/revisions\/3414"}],"wp:attachment":[{"href":"https:\/\/karate-lanester.org\/index.php\/wp-json\/wp\/v2\/media?parent=1943"}],"curies":[{"name":"wp","href":"https:\/\/api.w.org\/{rel}","templated":true}]}}

<p class="has-text-align-center"></p>



<marquee><strong>SAISON 2025 2026  SAISON 2025 2026  SAISON 2025 2026  SAISON 2025 2026</marquee></strong>



<p><strong>les inscriptions sont possibles avant chaque cours au Dojo du FOYER LAÏQUE de LANESTER</strong></p>



<p>COTISATIONS : <br>Elles varient en fonction de l&rsquo;age du pratiquant et s&rsquo;échelonnent entre 125€ et 205€ l&rsquo;année complète, carte FLL, licence assurance et cours inclus. <a href="https://karate-lanester.org/index.php/tarifs/" data-type="URL" data-id="https://karate-lanester.org/index.php/tarifs/">https://karate-lanester.org/index.php/tarifs/</a></p>



<p>CALENDRIER DE LA SAISON :<br>la saison de karaté est calquée sur la période d&rsquo;assurance de la licence fédérale. Elle commence le 1er septembre pour se terminer le 31 août de l&rsquo;année suivante. <a href="https://karate-lanester.org/index.php/page-d-exemple/" data-type="URL" data-id="https://karate-lanester.org/index.php/page-d-exemple/">https://karate-lanester.org/index.php/page-d-exemple/</a></p>



<p><strong>Votre 1er mois de participation aux cours est considéré « à l&rsquo;essai ».</strong><br>l&rsquo;inscription se fait sur un formulaire fédéral intitulé « <a href="https://karate-lanester.org/wp-content/uploads/2025/07/2025-07-demande-de-licence-1-1.pdf">demande de licence</a>« <br></p>



<p>L&rsquo;intégralité de la cotisation vous est demandée à l&rsquo;inscription. </p>



<p>A la fin de l&rsquo;essai, si vous ne souhaitez pas continuer, vous serez remboursé déduction faite de 25€ correspondant à la carte FLL.</p>



<p><a href="https://karate-lanester.org/index.php/horaires-de-cours/">Voir la page COURS de ce site</a>   </p>



<p></p>



<h2 class="wp-block-heading"></h2>



<div class="wp-block-file"><a href="blob:https://karate-lanester.org/2baa1740-ab82-45c7-948c-b575b323efa8" class="wp-block-file__button wp-element-button" download>Télécharger</a></div>

<p>SAISON 2025 2026 SAISON 2025 2026 SAISON 2025 2026 SAISON 2025 2026 les inscriptions sont possibles avant chaque cours au Dojo du FOYER LAÏQUE de LANESTER COTISATIONS : Elles varient en fonction de l&rsquo;age du pratiquant et s&rsquo;échelonnent entre 125€ &hellip; <a href="https://karate-lanester.org/index.php/saison-2022-2023/">Continuer la lecture <span class="meta-nav">&rarr;</span></a></p>
