{"id":2727,"date":"2023-09-11T17:27:51","date_gmt":"2023-09-11T16:27:51","guid":{"rendered":"http:\/\/karate-lanester.org\/?page_id=2727"},"modified":"2025-06-30T16:39:06","modified_gmt":"2025-06-30T15:39:06","slug":"karate-enfants","status":"publish","type":"page","link":"https:\/\/karate-lanester.org\/index.php\/karate-enfants\/","title":{"rendered":"KARAT\u00c9 ENFANTS"},"content":{"rendered":"\n<h1 class=\"wp-block-heading\">Le cours karat\u00e9 enfants (6 \/ 10 ans)<\/h1>\n\n\n\n<p>La d\u00e9couverte du karat\u00e9 se fait dans un esprit ludique et sans enjeu. Les professeurs s\u2019adaptent \u00e0 chacun et personnalisent l\u2019apprentissage. Chaque enfant a besoin d\u2019attention et de sentir qu\u2019il progresse \u00e0 son rythme.<\/p>\n\n\n\n<p>Le cours enfant est \u00e0 ce titre ax\u00e9 sur le travail des techniques, la souplesse, la d\u00e9couverte des applications avec partenaire et du combat conventionnel du Karat\u00e9 avec protections. C\u2019est un cours qui peut surprendre de l\u2019ext\u00e9rieur par sa complexit\u00e9.<br>L\u2019enfant y apprend l\u2019essence du Karat\u00e9-do, corporellement, \u00e0 travers les Katas, les postures et les techniques, mais aussi les valeurs de l\u2019art martial, comme le respect, la pers\u00e9v\u00e9rance, la patience et l\u2019humilit\u00e9.<\/p>\n\n\n\n<p>Les parents sont invit\u00e9s \u00e0 assister \u00e0 ce cours. Il leur est \u00e9galement demand\u00e9 de v\u00e9rifier que le cours va pouvoir se d\u00e9rouler et que les Professeurs sont bien pr\u00e9sents. En cas d&rsquo;impr\u00e9vu la section ne peut \u00eatre tenue pour responsable si le cours doit \u00eatre annul\u00e9 dans l&rsquo;urgence, notamment pour des raisons de s\u00e9curit\u00e9 des enfants.<\/p>\n\n\n\n<p>En d\u00e9but comme en fin de cours de karat\u00e9 tous les pratiquants s\u2019alignent selon un ordre pr\u00e9cis. Les plus grad\u00e9s \u00e0 gauche face au professeur.<\/p>\n\n\n\n<p>Ce cours doit \u00e9galement \u00eatre un tremplin vers les cours ados\/adultes de l\u2019association.<\/p>\n\n\n\n<h3 class=\"wp-block-heading\"><strong>Evaluations<\/strong><\/h3>\n\n\n\n<p>Au sein de la section karat\u00e9 du FLL, nous organisons des \u00e9valuations \u00e9galement appel\u00e9es \u00ab&nbsp;passages de grade&nbsp;\u00bb.<br>Deux fois par saison, la premi\u00e8re avant les vacances de fin d\u2019ann\u00e9e, les enfants sont \u00e9valu\u00e9s selon un protocole \u00e9tabli. A la fin de l\u2019\u00e9valuation et apr\u00e8s d\u00e9lib\u00e9ration des juges<strong>,<\/strong> les enfants re\u00e7oivent individuellement un avis sur leur niveau acquis.<br>Cela se mat\u00e9rialise par des changements de couleur de ceinture, des barrettes de progression dans la couleur de ceinture ou\u2026 rien&nbsp;!<\/p>\n\n\n\n<p>Attention \u00e0 ne pas sous-estimer les capacit\u00e9s<strong>,<\/strong> ni les ambitions d\u2019un enfant. A l\u2019inverse, ce ne sont pas des adultes en \u00ab&nbsp;r\u00e9duction&nbsp;\u00bb&nbsp;!<br>Si ce principe est respect\u00e9<strong>,<\/strong> chaque \u00e9valuation devient le marqueur d\u2019un parcours dans l\u2019apprentissage du karat\u00e9.<br>L\u2019enfant qui comprend ce marqueur de parcours accepte les diff\u00e9rences que celui-ci induit.<\/p>\n\n\n\n<p><br>A l\u2019issue d\u2019une \u00e9valuation<strong>,<\/strong> il y a forc\u00e9ment des changements dans l\u2019alignement en fonction des nouveaux grades acquis. Cette situation se retrouve dans tous les dojos et dans toutes les cat\u00e9gories d\u2019\u00e2ges. <\/p>\n\n\n\n<figure class=\"wp-block-image size-large is-resized\"><img loading=\"lazy\" decoding=\"async\" width=\"1024\" height=\"576\" src=\"https:\/\/karate-lanester.org\/wp-content\/uploads\/2023\/09\/BZH_7278-1024x576.jpg\" alt=\"\" class=\"wp-image-2731\" style=\"width:187px;height:104px\" srcset=\"https:\/\/karate-lanester.org\/wp-content\/uploads\/2023\/09\/BZH_7278-1024x576.jpg 1024w, https:\/\/karate-lanester.org\/wp-content\/uploads\/2023\/09\/BZH_7278-300x169.jpg 300w, https:\/\/karate-lanester.org\/wp-content\/uploads\/2023\/09\/BZH_7278-768x432.jpg 768w, https:\/\/karate-lanester.org\/wp-content\/uploads\/2023\/09\/BZH_7278.jpg 1280w\" sizes=\"auto, (max-width: 1024px) 100vw, 1024px\" \/><\/figure>\n\n\n\n<h3 class=\"wp-block-heading\"><strong>Organisation des \u00e9valuations<\/strong><\/h3>\n\n\n\n<p>Pour chaque \u00e9valuation<strong>,<\/strong> le responsable technique du club r\u00e9unit 2 jurys de 2 ou 3 ceintures noires.<br>Toutes les prestations des participants sont donc appr\u00e9ci\u00e9es par 4 personnes au minimum. En fin d\u2019examen, les notes sont pond\u00e9r\u00e9es en r\u00e9union avec le responsable technique et les professeurs de la section enfants.<br>A l\u2019issue des \u00e9changes<strong>,<\/strong> les r\u00e9sultats sont promulgu\u00e9s.<\/p>\n\n\n\n<h3 class=\"wp-block-heading\"><strong>Les jurys d\u2019\u00e9valuation et de passage de grades.<\/strong><\/h3>\n\n\n\n<p>Le club n\u2019a pas de difficult\u00e9 \u00e0 r\u00e9unir des juges pour ces \u00e9preuves<strong>,<\/strong> compte tenu du nombre de ceintures noires et de leurs qualit\u00e9s de juges de la ligue r\u00e9gionale de karat\u00e9 pour les passages de grades de ceinture noire pour certains d\u2019entre eux.<br>Qui peut le plus, peut le moins&nbsp;!<\/p>\n\n\n\n<h3 class=\"wp-block-heading\"><strong>Organisation des passages de grades enfants.<\/strong><\/h3>\n\n\n\n<p>Dans ce contexte sp\u00e9cifique<strong>,<\/strong> les professeurs ont toute leur place.<br>L\u2019\u00e9valuation est destin\u00e9e \u00e0 chaque enfant. Ce n\u2019est que le constat d\u2019un travail effectu\u00e9 dans les s\u00e9ances du trimestre ou de l\u2019ann\u00e9e sportive mais r\u00e9alis\u00e9 dans un cadre sp\u00e9cifique.<\/p>\n\n\n\n<p>Le r\u00e9sultat fera \u00e9videmment des heureux et des moins heureux&nbsp;! Dans ce contexte<strong>,<\/strong> on peut m\u00ealer enfants et parents. Mais c\u2019est avant tout un marqueur, un jalon sur un chemin. L\u2019acquis reste et la suite ne sera qu\u2019un enrichissement de cet acquis. Apr\u00e8s tout, quand vous avez appris \u00e0 monter sur une bicyclette, vous avez sans doute d\u00fb g\u00e9rer des chutes, m\u00eame si vous \u00eates pass\u00e9 par la strate interm\u00e9diaire de la draisienne\u2026<\/p>\n\n\n\n<h3 class=\"wp-block-heading\"><strong>Accompagner, \u00e9valuer, mais sanctionner&nbsp;!<\/strong><\/h3>\n\n\n\n<p>Quand nous sommes dans notre zone de confort<strong>,<\/strong> notre vigilance d\u00e9croit. C\u2019est vrai pour tous les \u00eatres humains, hommes, animaux\u2026.<\/p>\n\n\n\n<p>En cons\u00e9quence<strong>,<\/strong> le protocole des \u00e9valuations \u00e9volue.<br>Pour les premi\u00e8res, les enfants \u00e9tant en d\u00e9couverte totale, les professeurs de la section les accompagnent devant les jurys.<br>Ainsi, dans le jury qui \u00e9value la qualit\u00e9 des techniques, les demandes formul\u00e9es par les juges sont illustr\u00e9es par le professeur pour que les enfants puissent se concentrer sur la r\u00e9alisation des exercices.<\/p>\n\n\n\n<p>Par la suite, en fonction de leur \u00e9volution, il arrivera que les enfants doivent r\u00e9pondre aux attentes du jury sans intervention de leur professeur accompagnant.<br>Ils seront alors seuls face aux juges.<br>Les enfants sortent de leur zone de confort et doivent faire montre de leur force \u00ab&nbsp;mentale&nbsp;\u00bb pour relever le d\u00e9fi pos\u00e9 par les juges.<\/p>\n\n\n\n<h3 class=\"wp-block-heading\"><strong>Sanctionner&nbsp;!<\/strong><\/h3>\n\n\n\n<p>Le terme n\u2019est pas forc\u00e9ment le plus appropri\u00e9 mais il s\u2019agit bien de positionner l\u2019investissement individuel dans le groupe. On peut \u00e9galement parler de confirmation.<br>Chaque enfant re\u00e7oit individuellement en fin d\u2019examen une \u00ab&nbsp;confirmation&nbsp;\u00bb qui doit lui permettre de comprendre son niveau en fonction du travail qu\u2019il a effectu\u00e9 tout en le relativisant par rapport au groupe auquel il appartient.<br>Cette confirmation est \u00e0 la fois le r\u00e9sultat des notes obtenues au cours de l\u2019examen et de la pond\u00e9ration apport\u00e9e par les professeurs qui ont suivi son \u00e9volution.<\/p>\n\n\n\n<p>Il en sera de m\u00eame pour tous les examens de grades auxquels il pourra se pr\u00e9senter par la suite.<\/p>\n\n\n\n<p>C\u2019est la vie\u2026.<\/p>\n\n\n\n<h3 class=\"wp-block-heading\"><strong>Sur quelles bases&nbsp;?<\/strong><\/h3>\n\n\n\n<p>La section karat\u00e9 a \u00e9labor\u00e9 un \u00ab&nbsp;programme de KYU&nbsp;\u00bb. Ce programme est le fruit de l\u2019observation crois\u00e9e des \u00e9preuves demand\u00e9es dans le contexte de la Japan Karat\u00e9 Association d\u2019une part, du Shotokan Karat\u00e9 International Kanazawa d\u2019autre part<strong>,<\/strong> et des crit\u00e8res d\u2019\u00e9valuation et de jugement tels que propos\u00e9s dans le r\u00e8glement de la CSDGE de la F\u00e9d\u00e9ration Fran\u00e7aise de Karat\u00e9 et Disciplines Associ\u00e9es.<\/p>\n\n\n\n<p>Ce cadre est fix\u00e9 et sert \u00e9galement aux professeurs pour l\u2019organisation de leurs cours et des pr\u00e9parations aux \u00ab&nbsp;passages de grades&nbsp;\u00bb qu\u2019ils souhaitent mettre en place.<br>Il est valable pour toutes les tranches d\u2019\u00e2ges.<\/p>\n","protected":false},"excerpt":{"rendered":"<p>Le cours karat\u00e9 enfants (6 \/ 10 ans) La d\u00e9couverte du karat\u00e9 se fait dans un esprit ludique et sans enjeu. Les professeurs s\u2019adaptent \u00e0 chacun et personnalisent l\u2019apprentissage. Chaque enfant a besoin d\u2019attention et de sentir qu\u2019il progresse \u00e0 &hellip; <a href=\"https:\/\/karate-lanester.org\/index.php\/karate-enfants\/\">Continuer la lecture <span class=\"meta-nav\">&rarr;<\/span><\/a><\/p>\n","protected":false},"author":1,"featured_media":0,"parent":0,"menu_order":0,"comment_status":"closed","ping_status":"closed","template":"","meta":{"footnotes":""},"class_list":["post-2727","page","type-page","status-publish","hentry"],"_links":{"self":[{"href":"https:\/\/karate-lanester.org\/index.php\/wp-json\/wp\/v2\/pages\/2727","targetHints":{"allow":["GET"]}}],"collection":[{"href":"https:\/\/karate-lanester.org\/index.php\/wp-json\/wp\/v2\/pages"}],"about":[{"href":"https:\/\/karate-lanester.org\/index.php\/wp-json\/wp\/v2\/types\/page"}],"author":[{"embeddable":true,"href":"https:\/\/karate-lanester.org\/index.php\/wp-json\/wp\/v2\/users\/1"}],"replies":[{"embeddable":true,"href":"https:\/\/karate-lanester.org\/index.php\/wp-json\/wp\/v2\/comments?post=2727"}],"version-history":[{"count":8,"href":"https:\/\/karate-lanester.org\/index.php\/wp-json\/wp\/v2\/pages\/2727\/revisions"}],"predecessor-version":[{"id":3185,"href":"https:\/\/karate-lanester.org\/index.php\/wp-json\/wp\/v2\/pages\/2727\/revisions\/3185"}],"wp:attachment":[{"href":"https:\/\/karate-lanester.org\/index.php\/wp-json\/wp\/v2\/media?parent=2727"}],"curies":[{"name":"wp","href":"https:\/\/api.w.org\/{rel}","templated":true}]}}