{"id":275,"date":"2016-11-15T17:27:16","date_gmt":"2016-11-15T16:27:16","guid":{"rendered":"http:\/\/karate-lanester.org\/?page_id=275"},"modified":"2023-05-07T09:20:30","modified_gmt":"2023-05-07T08:20:30","slug":"passeport-sportif","status":"publish","type":"page","link":"https:\/\/karate-lanester.org\/index.php\/passeport-sportif\/","title":{"rendered":"Passeport Sportif"},"content":{"rendered":"<p>Le passeport sportif\u00a0 FFKDApermet \u00e0 tout licenci\u00e9 de<span class=\"apple-converted-space\">\u00a0<\/span><strong>pouvoir participer \u00e0 des comp\u00e9titions sportives et de justifier de ses grades<\/strong>. Chaque demande est individuelle et doit \u00eatre effectu\u00e9 par le licenci\u00e9 au club auquel il appartient. (cf. 2021 CDK56).<\/p>\n<p>Le prix &#8211; 25\u20ac &#8211; est fix\u00e9 par la f\u00e9d\u00e9ration<br \/>\nLe club s&rsquo;approvisionne en passeports \u00e0 La Ligue de Bretagne ou au Comit\u00e9 D\u00e9partemental.<br \/>\nLe passeport est valable 8 ans \u00e0 compter de sa d\u00e9livrance.<br \/>\n<a href=\"https:\/\/www.ffkarate.fr\/wp-content\/uploads\/2018\/10\/MODALITES-FINANCIERES-applicables-au-1er-septembre-2018.pdf\">Documents financiers de la FFKDA<\/a><\/p>\n","protected":false},"excerpt":{"rendered":"<p>Le passeport sportif\u00a0 FFKDApermet \u00e0 tout licenci\u00e9 de\u00a0pouvoir participer \u00e0 des comp\u00e9titions sportives et de justifier de ses grades. Chaque demande est individuelle et doit \u00eatre effectu\u00e9 par le licenci\u00e9 au club auquel il appartient. (cf. 2021 CDK56). Le prix &hellip; <a href=\"https:\/\/karate-lanester.org\/index.php\/passeport-sportif\/\">Continuer la lecture <span class=\"meta-nav\">&rarr;<\/span><\/a><\/p>\n","protected":false},"author":1,"featured_media":0,"parent":0,"menu_order":0,"comment_status":"closed","ping_status":"closed","template":"","meta":{"footnotes":""},"class_list":["post-275","page","type-page","status-publish","hentry"],"_links":{"self":[{"href":"https:\/\/karate-lanester.org\/index.php\/wp-json\/wp\/v2\/pages\/275","targetHints":{"allow":["GET"]}}],"collection":[{"href":"https:\/\/karate-lanester.org\/index.php\/wp-json\/wp\/v2\/pages"}],"about":[{"href":"https:\/\/karate-lanester.org\/index.php\/wp-json\/wp\/v2\/types\/page"}],"author":[{"embeddable":true,"href":"https:\/\/karate-lanester.org\/index.php\/wp-json\/wp\/v2\/users\/1"}],"replies":[{"embeddable":true,"href":"https:\/\/karate-lanester.org\/index.php\/wp-json\/wp\/v2\/comments?post=275"}],"version-history":[{"count":6,"href":"https:\/\/karate-lanester.org\/index.php\/wp-json\/wp\/v2\/pages\/275\/revisions"}],"predecessor-version":[{"id":2531,"href":"https:\/\/karate-lanester.org\/index.php\/wp-json\/wp\/v2\/pages\/275\/revisions\/2531"}],"wp:attachment":[{"href":"https:\/\/karate-lanester.org\/index.php\/wp-json\/wp\/v2\/media?parent=275"}],"curies":[{"name":"wp","href":"https:\/\/api.w.org\/{rel}","templated":true}]}}