{"id":288,"date":"2016-11-22T15:00:51","date_gmt":"2016-11-22T14:00:51","guid":{"rendered":"http:\/\/karate-lanester.org\/?page_id=288"},"modified":"2025-11-23T20:06:32","modified_gmt":"2025-11-23T19:06:32","slug":"grades-niten-ryu-karate","status":"publish","type":"page","link":"https:\/\/karate-lanester.org\/index.php\/grades-niten-ryu-karate\/","title":{"rendered":"Grades Niten Ryu Karat\u00e9"},"content":{"rendered":"\n<p><\/p>\n\n\n<p>Les grades sont le reflet de la progression du pratiquant. Un examen permet de constater le niveau de l\u2019\u00e9l\u00e8ve. Jusqu\u2019\u00e0 la ceinture marron, les degr\u00e9s \u00ab\u00a0Kyu\u00a0\u00bb sont d\u00e9livr\u00e9s au sein du club. <br \/>Le programme des examens est disponible sur ce site. \u00a0 \u00a0<\/p>\n<p><a href=\"https:\/\/karate-lanester.org\/wp-content\/uploads\/2025\/09\/programme-des-examens-de-grades-NRK.pdf\">programme des examens de grades NRK<\/a><\/p>\n<p>A partir de la ceinture noire, les niveaux \u00ab\u00a0Dan\u00a0\u00bb sont d\u00e9livr\u00e9s par la F\u00e9d\u00e9ration Fran\u00e7aise de Karat\u00e9.<\/p>\n<p>D\u00e9cerner un grade, quel qu\u2019il soit, c\u2019est valoriser un individu mais aussi le responsabiliser. Le plus grad\u00e9 doit toujours aider ses partenaires moins grad\u00e9s dans leur progression, quel que soit le soutien qu\u2019il peut apporter.<\/p>\n<p>La section karat\u00e9 du Foyer La\u00efque Lanester, a dans ce contexte, \u00e9labor\u00e9 et \u00e9dit\u00e9 un \u00ab\u00a0programme de KYU\u00a0\u00bb. Ce programme est le fruit de l&rsquo;observation crois\u00e9e des \u00e9preuves demand\u00e9es dans le contexte de la <a href=\"http:\/\/www.francejka.com\/le-systeme-des-grades-jka.html\">JKA<\/a> d&rsquo;une part, du SKI Kanazawa d&rsquo;autre part et des crit\u00e8res d&rsquo;\u00e9valuation et de jugement tels que propos\u00e9s dans le r\u00e8glement de la CSDGE de la F\u00e9d\u00e9ration Fran\u00e7aise de Karat\u00e9 et Disciplines Associ\u00e9es.<\/p>\n<p>Il est \u00e0 noter que ces crit\u00e8res FFKDA, pr\u00e9sident \u00e0 l\u2019attribution des grades de ceintures noires dans TOUTES les disciplines repr\u00e9sent\u00e9es au sein de ladite f\u00e9d\u00e9ration.<\/p>\n<h1>R\u00e8glementation des grades NITEN RYU KARATE \u00e0 partir de septembre 2025<\/h1>\n<p>Au fil des ann\u00e9es les organisations de d\u00e9livrance des grades ont \u00e9volu\u00e9.<br \/>Originellement les grades \u00e9taient d\u00e9livr\u00e9s au sein des \u00e9coles et s\u2019\u00e9tageaient en kyu (classes) et Dan (niveaux). Tous \u00e9taient d\u00e9livr\u00e9s sous la responsabilit\u00e9 du maitre de l\u2019\u00e9cole concern\u00e9e. Il y a encore des organisations qui fonctionnent avec ces principes et qui pratiquent leurs propres r\u00e8gles.<\/p>\n<h2>Les grades au sein de la FFKDA<\/h2>\n<p>En France, le grade de ceinture noire est assimil\u00e9 \u00e0 un examen d\u2019Etat et ne peut \u00eatre d\u00e9livr\u00e9 que par la <strong><em>Commission Sp\u00e9cialis\u00e9e des Dan et Grades Equivalents<\/em><\/strong>.<\/p>\n<p>Extrait du r\u00e8glement de la CSDGE\u00a0: <em>\u00ab\u00a0Conform\u00e9ment \u00e0 l\u2019article L. 212-5 du code du sport, dans les disciplines relevant des arts martiaux, nul ne peut se pr\u00e9valoir d\u2019un Dan ou d\u2019un grade \u00e9quivalent sanctionnant les qualit\u00e9s sportives et les connaissances techniques, et, le cas \u00e9ch\u00e9ant, les performances en comp\u00e9tition s\u2019il n\u2019a pas \u00e9t\u00e9 d\u00e9livr\u00e9 par la commission sp\u00e9cialis\u00e9e des Dans et grades \u00e9quivalents de la f\u00e9d\u00e9ration d\u00e9l\u00e9gataire\u00a0\u00bb.<\/em><\/p>\n<p>Plusieurs niveaux de d\u00e9livrance sont d\u00e9finis selon le grade. <br \/>Au niveau d\u00e9partemental la commission d\u00e9livre les grades du 1<sup>er<\/sup> au 4<sup>\u00e8me<\/sup> Dan\u00a0;<br \/>Au niveau r\u00e9gional la commission d\u00e9livre les grades de 5<sup>\u00e8me<\/sup> Dan\u00a0;<br \/>Au niveau national la commission d\u00e9livre les grades du 6<sup>\u00e8me<\/sup> au 8<sup>\u00e8me<\/sup> Dan.<\/p>\n<p>Depuis 2022, il est possible de d\u00e9livrer les grades de 1<sup>er<\/sup> Dan au niveau local. Le club doit remplir un certain nombre de conditions pour \u00eatre en conformit\u00e9 avec les textes.<\/p>\n<p>On peut consid\u00e9rer que l\u2019on se rapproche un peu du syst\u00e8me originel et des grades sp\u00e9cifiques aux \u00e9coles.<\/p>\n<p>Les modalit\u00e9s d\u2019organisation des examens et de d\u00e9livrance des Dan sont donc \u00e9volutives. \u00a0En revanche tous les examens se r\u00e9f\u00e8rent \u00e0 une r\u00e8glementation unique qui est celle de la f\u00e9d\u00e9ration de tutelle.<\/p>\n<h2>Les grades au sein de Niten Ryu Karat\u00e9.<\/h2>\n<p>Il existe un programme des examens de grade (kyu) au sein du club. Il est accessible \u00e0 tous sur le site Internet \u00e0 la page consacr\u00e9e aux grades.<\/p>\n<p>Il a \u00e9t\u00e9 construit en s\u2019inspirant de ce qui se faisait \u00e0 la FFKDA, \u00e0 la JKA et \u00e0 la SKI Kanazawa.<\/p>\n<p>Le seul lien formel avec le r\u00e8glement de la FFKDA r\u00e9side dans les crit\u00e8res d\u2019\u00e9valuation propres \u00e0 chaque unit\u00e9 de valeur.<\/p>\n<p>Le premier passage de 1<sup>er<\/sup> DAN au club est fix\u00e9 au DIMANCHE 23 NOVEMBRE 2025. A l&rsquo;issue de l&rsquo;examen les 4 premiers dan d\u00e9cern\u00e9s au FLL l&rsquo;ont \u00e9t\u00e9 pour Fran\u00e7ois JOUANNIC, Michel BERNARD, Christophe AUDO et Brigitte ROYE.<\/p>\n<p><img loading=\"lazy\" decoding=\"async\" class=\"alignnone size-medium wp-image-3442\" src=\"https:\/\/karate-lanester.org\/wp-content\/uploads\/2025\/11\/20251123_114759-300x225.jpg\" alt=\"\" width=\"300\" height=\"225\" srcset=\"https:\/\/karate-lanester.org\/wp-content\/uploads\/2025\/11\/20251123_114759-300x225.jpg 300w, https:\/\/karate-lanester.org\/wp-content\/uploads\/2025\/11\/20251123_114759-1024x768.jpg 1024w, https:\/\/karate-lanester.org\/wp-content\/uploads\/2025\/11\/20251123_114759-768x576.jpg 768w, https:\/\/karate-lanester.org\/wp-content\/uploads\/2025\/11\/20251123_114759-1536x1152.jpg 1536w, https:\/\/karate-lanester.org\/wp-content\/uploads\/2025\/11\/20251123_114759-2048x1536.jpg 2048w\" sizes=\"auto, (max-width: 300px) 100vw, 300px\" \/><\/p>\n<p>Soucieux de permettre \u00e0 nos licenci\u00e9s de passer les \u00e9chelons avec un minimum d\u2019harmonie par rapport \u00e0 ce qui se pratique au niveau f\u00e9d\u00e9ral, il est d\u00e9cid\u00e9 de\u00a0:<\/p>\n<ul>\n<li>Organiser les passages de 1<sup>er<\/sup> Dan en club en mettant en \u0153uvre le programme f\u00e9d\u00e9ral et en appliquant les conditions relatives \u00e0 l\u2019examen \u00e0 savoir le huis clos\u00a0;<\/li>\n<li>Tenir compte du syst\u00e8me des UV (KATA \u2013 KIHON \u2013 KUMITE) comme cela se pratique au niveau f\u00e9d\u00e9ral\u00a0;<\/li>\n<li>Permettre l\u2019obtention d\u2019UV \u00ab\u00a0club\u00a0\u00bb \u00e0 l\u2019occasion de stage organis\u00e9 par le club pour s\u2019approcher des points de bonifications li\u00e9s \u00e0 la participation aux stages de pr\u00e9paration aux DAN.<br \/>NB\u00a0: les points de bonification ne valent que pour les DAN pass\u00e9s \u00e0 l\u2019\u00e9chelon d\u00e9partemental et les UV \u00ab\u00a0club\u00a0\u00bb ne valent que pour les grades de couleur.<\/li>\n<\/ul>\n<p>Sur ce dernier point il est bon de pr\u00e9ciser qu\u2019il n\u2019y a qu\u2019un stage annuel pouvant donner lieu \u00e0 d\u00e9livrance d\u2019UV alors qu\u2019il y a 3 stages pour les DAN.<\/p>\n<p>Les syst\u00e8mes visant \u00e0 faciliter l\u2019obtention du Dan sont bien ancr\u00e9s dans les m\u0153urs f\u00e9d\u00e9rales et il n\u2019y a pas raison de ne pas s\u2019en inspirer.<\/p>\n<p>Au niveau du club, nous distinguons 2 fili\u00e8res de grades (kyu) pour les adultes d\u2019une part et pour les enfants d\u2019autre part.<\/p>\n<h2>Les grades enfants<\/h2>\n<p>Les enfants ont dans chaque kyu trois niveaux interm\u00e9diaires (les barrettes) qu\u2019ils peuvent franchir int\u00e9gralement ou partiellement. Il s\u2019agit en m\u00eame temps de valoriser le travail fourni et d\u2019encourager ceux qui r\u00e9ussissent plus difficilement.<\/p>\n<p>Cette progression va du 9<sup>\u00e8me<\/sup> Kyu au 3<sup>\u00e8me<\/sup> kyu ceinture verte\/bleue.<\/p>\n<h2>Les grades ados et adultes<\/h2>\n<p>Dans ces cat\u00e9gories, le passage se fait normalement de kyu en kyu \u00e0 l\u2019occasion des passages de grades. Il n\u2019y a pas de couleur interm\u00e9diaire.<\/p>\n<p>Il est d\u00e9sormais possible de b\u00e9n\u00e9ficier d\u2019UV en participant au stage club dans la mesure o\u00f9\u00a0le stage le pr\u00e9voit du fait de son contenu et qu\u2019\u00e0 l\u2019occasion d\u2019un stage chacun peut \u00eatre amen\u00e9 \u00e0 travailler avec un licenci\u00e9 d\u2019un autre grade et d\u2019un autre club.<\/p>\n<p>Les UV font partie de tous les grades du 5<sup>\u00e8me<\/sup> kyu ceinture jaune au 2<sup>\u00e8me<\/sup> kyu ceinture bleue.<\/p>\n<p>Il n\u2019y a pas la notion de stress li\u00e9e \u00e0 un examen, mais elle est remplac\u00e9e par la part d\u2019inconnu quand on travaille avec d\u2019autres personnes dans un contexte o\u00f9 on se sait observ\u00e9 par les professeurs du club.<\/p>\n<p>Les conditions de d\u00e9livrance des UV sont donc uniquement li\u00e9es \u00e0 ce stage. Le titulaire d\u2019une ou plusieurs UV est dispens\u00e9 de les pr\u00e9senter \u00e0 l\u2019occasion de l\u2019examen de grade concern\u00e9.<\/p>\n<p>En cas d\u2019\u00e9chec \u00e0 l\u2019examen, les UV restent acquises.<\/p>\n<p>Concernant l\u2019examen du 1<sup>er<\/sup> Dan en club, l\u2019application des r\u00e8gles f\u00e9d\u00e9rales s\u2019impose. Chaque UV est not\u00e9e pour l\u2019obtention du grade. Le constat est fait en fin de session et les r\u00e9sultats sont communiqu\u00e9s \u00e0 l\u2019\u00e9chelon d\u00e9partemental qui d\u00e9clenche la proc\u00e9dure d\u2019homologation.<\/p>\n<p>&nbsp;<\/p>\n<p>&nbsp;<\/p>\n\n\n<div data-wp-interactive=\"core\/file\" class=\"wp-block-file\"><object data-wp-bind--hidden=\"!state.hasPdfPreview\" hidden class=\"wp-block-file__embed\" data=\"https:\/\/karate-lanester.org\/wp-content\/uploads\/2024\/11\/grades-adultes-NRK-1.pdf\" type=\"application\/pdf\" style=\"width:100%;height:600px\" aria-label=\"Contenu embarqu\u00e9 grades-adultes-NRK-1.\"><\/object><a id=\"wp-block-file--media-94e6cce5-a92f-44b2-a44d-bbe4c60b0152\" href=\"https:\/\/karate-lanester.org\/wp-content\/uploads\/2024\/11\/grades-adultes-NRK-1.pdf\">grades-adultes-NRK-1<\/a><a href=\"https:\/\/karate-lanester.org\/wp-content\/uploads\/2024\/11\/grades-adultes-NRK-1.pdf\" class=\"wp-block-file__button wp-element-button\" download aria-describedby=\"wp-block-file--media-94e6cce5-a92f-44b2-a44d-bbe4c60b0152\">T\u00e9l\u00e9charger<\/a><\/div>\n\n\n\n<div data-wp-interactive=\"core\/file\" class=\"wp-block-file\"><object data-wp-bind--hidden=\"!state.hasPdfPreview\" hidden class=\"wp-block-file__embed\" data=\"https:\/\/karate-lanester.org\/wp-content\/uploads\/2024\/11\/grades-enfants-NRK.pdf\" type=\"application\/pdf\" style=\"width:100%;height:600px\" aria-label=\"Contenu embarqu\u00e9 grades-enfants-NRK.\"><\/object><a id=\"wp-block-file--media-24690803-187b-4cc7-ac12-d84ad0e091ec\" href=\"https:\/\/karate-lanester.org\/wp-content\/uploads\/2024\/11\/grades-enfants-NRK.pdf\">grades-enfants-NRK<\/a><a href=\"https:\/\/karate-lanester.org\/wp-content\/uploads\/2024\/11\/grades-enfants-NRK.pdf\" class=\"wp-block-file__button wp-element-button\" download aria-describedby=\"wp-block-file--media-24690803-187b-4cc7-ac12-d84ad0e091ec\">T\u00e9l\u00e9charger<\/a><\/div>\n","protected":false},"excerpt":{"rendered":"<p>Les grades sont le reflet de la progression du pratiquant. Un examen permet de constater le niveau de l\u2019\u00e9l\u00e8ve. Jusqu\u2019\u00e0 la ceinture marron, les degr\u00e9s \u00ab\u00a0Kyu\u00a0\u00bb sont d\u00e9livr\u00e9s au sein du club. Le programme des examens est disponible sur ce &hellip; <a href=\"https:\/\/karate-lanester.org\/index.php\/grades-niten-ryu-karate\/\">Continuer la lecture <span class=\"meta-nav\">&rarr;<\/span><\/a><\/p>\n","protected":false},"author":1,"featured_media":0,"parent":0,"menu_order":0,"comment_status":"closed","ping_status":"closed","template":"","meta":{"footnotes":""},"class_list":["post-288","page","type-page","status-publish","hentry"],"_links":{"self":[{"href":"https:\/\/karate-lanester.org\/index.php\/wp-json\/wp\/v2\/pages\/288","targetHints":{"allow":["GET"]}}],"collection":[{"href":"https:\/\/karate-lanester.org\/index.php\/wp-json\/wp\/v2\/pages"}],"about":[{"href":"https:\/\/karate-lanester.org\/index.php\/wp-json\/wp\/v2\/types\/page"}],"author":[{"embeddable":true,"href":"https:\/\/karate-lanester.org\/index.php\/wp-json\/wp\/v2\/users\/1"}],"replies":[{"embeddable":true,"href":"https:\/\/karate-lanester.org\/index.php\/wp-json\/wp\/v2\/comments?post=288"}],"version-history":[{"count":13,"href":"https:\/\/karate-lanester.org\/index.php\/wp-json\/wp\/v2\/pages\/288\/revisions"}],"predecessor-version":[{"id":3444,"href":"https:\/\/karate-lanester.org\/index.php\/wp-json\/wp\/v2\/pages\/288\/revisions\/3444"}],"wp:attachment":[{"href":"https:\/\/karate-lanester.org\/index.php\/wp-json\/wp\/v2\/media?parent=288"}],"curies":[{"name":"wp","href":"https:\/\/api.w.org\/{rel}","templated":true}]}}