{"id":32,"date":"2016-08-18T16:08:39","date_gmt":"2016-08-18T15:08:39","guid":{"rendered":"http:\/\/karate-lanester.org\/?page_id=32"},"modified":"2025-07-12T14:27:18","modified_gmt":"2025-07-12T13:27:18","slug":"tarifs","status":"publish","type":"page","link":"https:\/\/karate-lanester.org\/index.php\/tarifs\/","title":{"rendered":"Tarifs"},"content":{"rendered":"\n<p>Modalit\u00e9s de paiement des cotisations.<\/p>\n\n\n\n<figure class=\"wp-block-image size-large is-resized\"><img loading=\"lazy\" decoding=\"async\" width=\"1024\" height=\"576\" src=\"https:\/\/karate-lanester.org\/wp-content\/uploads\/2025\/07\/fiche-tarif-pour-site-1024x576.jpg\" alt=\"\" class=\"wp-image-3224\" style=\"width:508px;height:auto\" srcset=\"https:\/\/karate-lanester.org\/wp-content\/uploads\/2025\/07\/fiche-tarif-pour-site-1024x576.jpg 1024w, https:\/\/karate-lanester.org\/wp-content\/uploads\/2025\/07\/fiche-tarif-pour-site-300x169.jpg 300w, https:\/\/karate-lanester.org\/wp-content\/uploads\/2025\/07\/fiche-tarif-pour-site-768x432.jpg 768w, https:\/\/karate-lanester.org\/wp-content\/uploads\/2025\/07\/fiche-tarif-pour-site.jpg 1280w\" sizes=\"auto, (max-width: 1024px) 100vw, 1024px\" \/><\/figure>\n\n\n\n<p>Le paiement des cotisations peut se faire :<br>* par virement (le RIB du club est sur les documents adress\u00e9s aux inscrits des ann\u00e9es pr\u00e9c\u00e9dentes). Un seul virement pour l\u2019int\u00e9gralit\u00e9 de la cotisation.<br>* par ch\u00e8que bancaire (2 ch\u00e8ques pr\u00e9d\u00e9finis si l\u2019adh\u00e9sion commence au 1<sup>er<\/sup> trimestre entre septembre et d\u00e9cembre, 1 seul ch\u00e8que si l\u2019inscription commence apr\u00e8s janvier)<br>* en utilisant des ch\u00e8ques vacances, des bons CAF, ou d\u2019autres aides d\u00e9cid\u00e9es par l\u2019Etat ou la R\u00e9gion chaque ann\u00e9e.<\/p>\n\n\n\n<div class=\"wp-block-file\"><a id=\"wp-block-file--media-970c32a1-8e9f-4153-8bd2-c13bdb59b630\" href=\"https:\/\/karate-lanester.org\/wp-content\/uploads\/2025\/07\/fiche-tarif-pour-site-1.jpg\">fiche tarif pour site<\/a><a href=\"https:\/\/karate-lanester.org\/wp-content\/uploads\/2025\/07\/fiche-tarif-pour-site-1.jpg\" class=\"wp-block-file__button wp-element-button\" download aria-describedby=\"wp-block-file--media-970c32a1-8e9f-4153-8bd2-c13bdb59b630\">T\u00e9l\u00e9charger<\/a><\/div>\n\n\n\n<p><\/p>\n","protected":false},"excerpt":{"rendered":"<p>Modalit\u00e9s de paiement des cotisations. Le paiement des cotisations peut se faire :* par virement (le RIB du club est sur les documents adress\u00e9s aux inscrits des ann\u00e9es pr\u00e9c\u00e9dentes). Un seul virement pour l\u2019int\u00e9gralit\u00e9 de la cotisation.* par ch\u00e8que bancaire &hellip; <a href=\"https:\/\/karate-lanester.org\/index.php\/tarifs\/\">Continuer la lecture <span class=\"meta-nav\">&rarr;<\/span><\/a><\/p>\n","protected":false},"author":1,"featured_media":0,"parent":0,"menu_order":0,"comment_status":"closed","ping_status":"closed","template":"","meta":{"footnotes":""},"class_list":["post-32","page","type-page","status-publish","hentry"],"_links":{"self":[{"href":"https:\/\/karate-lanester.org\/index.php\/wp-json\/wp\/v2\/pages\/32","targetHints":{"allow":["GET"]}}],"collection":[{"href":"https:\/\/karate-lanester.org\/index.php\/wp-json\/wp\/v2\/pages"}],"about":[{"href":"https:\/\/karate-lanester.org\/index.php\/wp-json\/wp\/v2\/types\/page"}],"author":[{"embeddable":true,"href":"https:\/\/karate-lanester.org\/index.php\/wp-json\/wp\/v2\/users\/1"}],"replies":[{"embeddable":true,"href":"https:\/\/karate-lanester.org\/index.php\/wp-json\/wp\/v2\/comments?post=32"}],"version-history":[{"count":34,"href":"https:\/\/karate-lanester.org\/index.php\/wp-json\/wp\/v2\/pages\/32\/revisions"}],"predecessor-version":[{"id":3230,"href":"https:\/\/karate-lanester.org\/index.php\/wp-json\/wp\/v2\/pages\/32\/revisions\/3230"}],"wp:attachment":[{"href":"https:\/\/karate-lanester.org\/index.php\/wp-json\/wp\/v2\/media?parent=32"}],"curies":[{"name":"wp","href":"https:\/\/api.w.org\/{rel}","templated":true}]}}