{"id":534,"date":"2017-03-07T12:37:58","date_gmt":"2017-03-07T11:37:58","guid":{"rendered":"http:\/\/karate-lanester.org\/?page_id=534"},"modified":"2026-03-05T10:30:04","modified_gmt":"2026-03-05T09:30:04","slug":"boutique-club","status":"publish","type":"page","link":"https:\/\/karate-lanester.org\/index.php\/boutique-club\/","title":{"rendered":"Boutique club"},"content":{"rendered":"\n<p>POUR  BRODER NOS KIMONOS OU NOS TEXTILES nous faisons confiance \u00e0 la SOCIETE COSTARD de HENNEBONT<\/p>\n\n\n\n<figure class=\"wp-block-gallery has-nested-images columns-default is-cropped wp-block-gallery-1 is-layout-flex wp-block-gallery-is-layout-flex\">\n\n\n<figure class=\"wp-block-image size-large\"><img loading=\"lazy\" decoding=\"async\" width=\"724\" height=\"1024\" data-id=\"3145\" src=\"https:\/\/karate-lanester.org\/wp-content\/uploads\/2025\/05\/PLAQUETTE-COSTARD-1-724x1024.jpg\" alt=\"\" class=\"wp-image-3145\" srcset=\"https:\/\/karate-lanester.org\/wp-content\/uploads\/2025\/05\/PLAQUETTE-COSTARD-1-724x1024.jpg 724w, https:\/\/karate-lanester.org\/wp-content\/uploads\/2025\/05\/PLAQUETTE-COSTARD-1-212x300.jpg 212w, https:\/\/karate-lanester.org\/wp-content\/uploads\/2025\/05\/PLAQUETTE-COSTARD-1-768x1086.jpg 768w, https:\/\/karate-lanester.org\/wp-content\/uploads\/2025\/05\/PLAQUETTE-COSTARD-1-1086x1536.jpg 1086w, https:\/\/karate-lanester.org\/wp-content\/uploads\/2025\/05\/PLAQUETTE-COSTARD-1.jpg 1240w\" sizes=\"auto, (max-width: 724px) 100vw, 724px\" \/><\/figure>\n\n\n\n<figure class=\"wp-block-image size-large\"><img loading=\"lazy\" decoding=\"async\" width=\"724\" height=\"1024\" data-id=\"3144\" src=\"https:\/\/karate-lanester.org\/wp-content\/uploads\/2025\/05\/PLAQUETTE-COSTARD-724x1024.jpg\" alt=\"\" class=\"wp-image-3144\" srcset=\"https:\/\/karate-lanester.org\/wp-content\/uploads\/2025\/05\/PLAQUETTE-COSTARD-724x1024.jpg 724w, https:\/\/karate-lanester.org\/wp-content\/uploads\/2025\/05\/PLAQUETTE-COSTARD-212x300.jpg 212w, https:\/\/karate-lanester.org\/wp-content\/uploads\/2025\/05\/PLAQUETTE-COSTARD-768x1086.jpg 768w, https:\/\/karate-lanester.org\/wp-content\/uploads\/2025\/05\/PLAQUETTE-COSTARD-1086x1536.jpg 1086w, https:\/\/karate-lanester.org\/wp-content\/uploads\/2025\/05\/PLAQUETTE-COSTARD.jpg 1240w\" sizes=\"auto, (max-width: 724px) 100vw, 724px\" \/><\/figure>\n<\/figure>\n\n\n\n<p>KIMONOS KAMIKAZE EUROPA 160\u20ac. Brod\u00e9s \u00e9cusson NITENRYU KARATE<br>tailles 160 &#8211; 170 &#8211; 175 &#8211; 180 &#8211; 185<\/p>\n\n\n\n<figure class=\"wp-block-image size-large\"><img loading=\"lazy\" decoding=\"async\" width=\"768\" height=\"1024\" src=\"https:\/\/karate-lanester.org\/wp-content\/uploads\/2026\/02\/1000091766-768x1024.jpg\" alt=\"\" class=\"wp-image-3492\" srcset=\"https:\/\/karate-lanester.org\/wp-content\/uploads\/2026\/02\/1000091766-768x1024.jpg 768w, https:\/\/karate-lanester.org\/wp-content\/uploads\/2026\/02\/1000091766-225x300.jpg 225w, https:\/\/karate-lanester.org\/wp-content\/uploads\/2026\/02\/1000091766-1152x1536.jpg 1152w, https:\/\/karate-lanester.org\/wp-content\/uploads\/2026\/02\/1000091766-1536x2048.jpg 1536w, https:\/\/karate-lanester.org\/wp-content\/uploads\/2026\/02\/1000091766-scaled.jpg 1920w\" sizes=\"auto, (max-width: 768px) 100vw, 768px\" \/><\/figure>\n\n\n\n<p>Bodywarmer \u00e0  40\u20ac<\/p>\n\n\n\n<p>tailles S M XL<\/p>\n\n\n\n<figure class=\"wp-block-image size-large\"><img loading=\"lazy\" decoding=\"async\" width=\"768\" height=\"1024\" src=\"https:\/\/karate-lanester.org\/wp-content\/uploads\/2026\/02\/20260207_110801-768x1024.jpg\" alt=\"\" class=\"wp-image-3490\" srcset=\"https:\/\/karate-lanester.org\/wp-content\/uploads\/2026\/02\/20260207_110801-768x1024.jpg 768w, https:\/\/karate-lanester.org\/wp-content\/uploads\/2026\/02\/20260207_110801-225x300.jpg 225w, https:\/\/karate-lanester.org\/wp-content\/uploads\/2026\/02\/20260207_110801-1152x1536.jpg 1152w, https:\/\/karate-lanester.org\/wp-content\/uploads\/2026\/02\/20260207_110801-1536x2048.jpg 1536w, https:\/\/karate-lanester.org\/wp-content\/uploads\/2026\/02\/20260207_110801-scaled.jpg 1920w\" sizes=\"auto, (max-width: 768px) 100vw, 768px\" \/><\/figure>\n\n\n\n<figure class=\"wp-block-image size-full is-resized\"><img loading=\"lazy\" decoding=\"async\" width=\"625\" height=\"625\" src=\"https:\/\/karate-lanester.org\/wp-content\/uploads\/2022\/02\/ZORI.jpg\" alt=\"\" class=\"wp-image-2184\" style=\"width:178px;height:178px\" srcset=\"https:\/\/karate-lanester.org\/wp-content\/uploads\/2022\/02\/ZORI.jpg 625w, https:\/\/karate-lanester.org\/wp-content\/uploads\/2022\/02\/ZORI-300x300.jpg 300w, https:\/\/karate-lanester.org\/wp-content\/uploads\/2022\/02\/ZORI-150x150.jpg 150w\" sizes=\"auto, (max-width: 625px) 100vw, 625px\" \/><figcaption class=\"wp-element-caption\"><strong>zori 10\u20ac<\/strong><br>tailles 35\/36 &#8211; 37\/38 &#8211; 39\/40 &#8211; 40 &#8211; 41 &#8211; 42<\/figcaption><\/figure>\n\n\n\n<p>des gourdes au prix de 5\u20ac<\/p>\n\n\n\n<figure class=\"wp-block-image size-large\"><img loading=\"lazy\" decoding=\"async\" width=\"576\" height=\"1024\" src=\"https:\/\/karate-lanester.org\/wp-content\/uploads\/2024\/04\/2024-04-1919.18.085879648495667724781-576x1024.jpg\" alt=\"\" class=\"wp-image-2864\" srcset=\"https:\/\/karate-lanester.org\/wp-content\/uploads\/2024\/04\/2024-04-1919.18.085879648495667724781-576x1024.jpg 576w, https:\/\/karate-lanester.org\/wp-content\/uploads\/2024\/04\/2024-04-1919.18.085879648495667724781-169x300.jpg 169w, https:\/\/karate-lanester.org\/wp-content\/uploads\/2024\/04\/2024-04-1919.18.085879648495667724781-768x1365.jpg 768w, https:\/\/karate-lanester.org\/wp-content\/uploads\/2024\/04\/2024-04-1919.18.085879648495667724781-864x1536.jpg 864w, https:\/\/karate-lanester.org\/wp-content\/uploads\/2024\/04\/2024-04-1919.18.085879648495667724781-1152x2048.jpg 1152w, https:\/\/karate-lanester.org\/wp-content\/uploads\/2024\/04\/2024-04-1919.18.085879648495667724781-scaled.jpg 1440w\" sizes=\"auto, (max-width: 576px) 100vw, 576px\" \/><\/figure>\n\n\n\n<p>quelques textiles :<\/p>\n\n\n\n<p>vestes polaires grise L et Beige L \u00e0 30\u20ac brod\u00e9es<br>2 gilets sans manche taille S \u00e0 15\u20ac brod\u00e9s<\/p>\n\n\n\n<p>T SHIRT en tissu l\u00e9ger XL, XXL, L, 12\/14 ans s\u00e9rigraphi\u00e9s<\/p>\n\n\n\n<p>T SHIRT blanc coton tailles 130\/140 et 120\/126 s\u00e9rigraphi\u00e9s<\/p>\n\n\n\n<p>SWEAT CAPUCHE ROUGE s\u00e9rigraphi\u00e9 taille L 15\u20ac<\/p>\n\n\n","protected":false},"excerpt":{"rendered":"<p>POUR BRODER NOS KIMONOS OU NOS TEXTILES nous faisons confiance \u00e0 la SOCIETE COSTARD de HENNEBONT KIMONOS KAMIKAZE EUROPA 160\u20ac. Brod\u00e9s \u00e9cusson NITENRYU KARATEtailles 160 &#8211; 170 &#8211; 175 &#8211; 180 &#8211; 185 Bodywarmer \u00e0 40\u20ac tailles S M XL &hellip; <a href=\"https:\/\/karate-lanester.org\/index.php\/boutique-club\/\">Continuer la lecture <span class=\"meta-nav\">&rarr;<\/span><\/a><\/p>\n","protected":false},"author":1,"featured_media":0,"parent":0,"menu_order":0,"comment_status":"closed","ping_status":"closed","template":"","meta":{"footnotes":""},"class_list":["post-534","page","type-page","status-publish","hentry"],"_links":{"self":[{"href":"https:\/\/karate-lanester.org\/index.php\/wp-json\/wp\/v2\/pages\/534","targetHints":{"allow":["GET"]}}],"collection":[{"href":"https:\/\/karate-lanester.org\/index.php\/wp-json\/wp\/v2\/pages"}],"about":[{"href":"https:\/\/karate-lanester.org\/index.php\/wp-json\/wp\/v2\/types\/page"}],"author":[{"embeddable":true,"href":"https:\/\/karate-lanester.org\/index.php\/wp-json\/wp\/v2\/users\/1"}],"replies":[{"embeddable":true,"href":"https:\/\/karate-lanester.org\/index.php\/wp-json\/wp\/v2\/comments?post=534"}],"version-history":[{"count":31,"href":"https:\/\/karate-lanester.org\/index.php\/wp-json\/wp\/v2\/pages\/534\/revisions"}],"predecessor-version":[{"id":3542,"href":"https:\/\/karate-lanester.org\/index.php\/wp-json\/wp\/v2\/pages\/534\/revisions\/3542"}],"wp:attachment":[{"href":"https:\/\/karate-lanester.org\/index.php\/wp-json\/wp\/v2\/media?parent=534"}],"curies":[{"name":"wp","href":"https:\/\/api.w.org\/{rel}","templated":true}]}}